ainder when t(r) is divided by 7?
6
Let w be 5/(0 + 1 - 0). Suppose 0*j - 105 = -w*j. Calculate the remainder when j is divided by 8.
5
Let c(w) = -w**2 - 7*w + 16. Calculate the remainder when 31 is divided by c(-7).
15
Let r(i) = i**2 - 2*i + 11. What is the remainder when 103 is divided by r(5)?
25
Suppose -37*v + 29*v + 672 = 0. Calculate the remainder when v is divided by 43.
41
Let g(f) = 48*f**3 - 2*f**2 + 2*f - 1. Let b be g(1). Let d = 77 - b. Let z = -15 + d. Calculate the remainder when z is divided by 8.
7
Suppose 0 = 4*x - 31 - 13. Let u = 43 + -12. Calculate the remainder when u is divided by x.
9
Let d(v) = -v**2 - 7*v + 3. What is the remainder when 17 is divided by d(-6)?
8
Let g = 464 + -323. Calculate the remainder when g is divided by 36.
33
Let z(b) = 4*b**2 + 21*b + 7. Calculate the remainder when z(-6) is divided by 3.
1
Let m(c) = -4*c - 9. Suppose 5*d + 11 = -19. Let y be (-2 + 1)/((-1)/d). What is the remainder when m(y) is divided by 9?
6
Let m = -13 + 18. Suppose m*p - 50 = 65. Calculate the remainder when p is divided by 8.
7
Suppose 0 = -14*y + 156 - 2. What is the remainder when 50 is divided by y?
6
Suppose 0 = -5*g + 2*g + 33. Calculate the remainder when (-3)/((-3)/g)*1 is divided by 6.
5
Let y = 12 + 2. Calculate the remainder when 53 is divided by y.
11
Suppose 0 = -w + 1 + 10. Suppose -2*t = -t + 5*n - 45, n - 105 = -5*t. What is the remainder when t is divided by w?
9
Let p(q) = -4*q**2 + 10*q + 5. Let r = -17 - -11. Let l(n) = 5*n**2 - 10*n - 5. Let o(j) = r*p(j) - 5*l(j). Calculate the remainder when 37 is divided by o(-4).
18
Let y(s) = s**3 + 8*s**2 + 5*s - 8. Suppose -5*r = -61 - 9. Suppose 2*g = 20 + r. What is the remainder when g is divided by y(-7)?
5
Let t = 9 - 5. Suppose -3*z = -5*x - 29, 3*z - 4*x = -0*z + 25. Calculate the remainder when 1/t + 76/16 is divided by z.
2
Let w = -35 - -67. What is the remainder when 124 is divided by w?
28
What is the remainder when -101*-1*(2 - 1) is divided by 13?
10
Suppose -6*c + 10*c = 36. Calculate the remainder when c is divided by (-10)/5 - (-5 - 1).
1
Let h(f) = -f**3 - 5*f**2 - 6*f - 5. Let r be h(-4). Suppose 0 = 2*o - r*o + 18. Let d = 4 - -6. Calculate the remainder when o is divided by d.
8
Let j(l) = 10*l**2 + 6*l + 7. Calculate the remainder when j(-4) is divided by 29.
27
Let v be (-3)/3*1 - -6. Suppose v*h = -z + 120, 6*z - 15 = 3*z. What is the remainder when h is divided by 12?
11
Let c(o) = -3*o - 5. What is the remainder when 31 is divided by c(-7)?
15
Suppose 0 = -2*s - 2*s + 304. Suppose r = -r + s. What is the remainder when r is divided by 20?
18
Let p be 16 + 3 + (-1 - 0). What is the remainder when 9 is divided by 2/(3*3/p)?
1
Suppose 0*w + 3 = -3*w, -2*w + 17 = r. What is the remainder when r is divided by 5 - 4 - (-18)/2?
9
Let k(p) = p**2 + 4. What is the remainder when 90 is divided by k(-3)?
12
Let a = 8 - 6. Suppose -a*b + 5*b - 57 = 0. Suppose -4*t = n - 40, 141 = 4*n - 6*t + 3*t. Calculate the remainder when n is divided by b.
17
Suppose 5*y = b + 9 + 23, -3*b = 3*y + 24. Calculate the remainder when 59 is divided by (-183)/b + 2/(-8).
14
Calculate the remainder when 6 is divided by 5/((-60)/(-9) + -5).
0
Suppose 3*o + 3*r - r - 38 = 0, 3*o - 2*r - 34 = 0. Let p = 1 - -1. What is the remainder when (4/p)/((-1)/(-11)) is divided by o?
10
Suppose -2*y - 2 = 2*b, -2*b = 3*y - 8*y + 23. Suppose -y*g + g = -4*a + 52, 3*a + 2*g = 39. What is the remainder when a is divided by 7?
6
Suppose 0 = -4*y + f + 25, 0 = -5*y + 6*y - 3*f + 2. Calculate the remainder when 32 is divided by y.
4
Let l(m) = 2*m**2 + 4. What is the remainder when 43 is divided by l(0)?
3
Suppose -2*c = c - 444. Suppose v - 95 = -2*j, 13 = -3*j + v + c. What is the remainder when j is divided by 16?
14
Let a(t) = 3*t - 1. Let z be a(7). Let q = 28 - z. Calculate the remainder when q is divided by 3.
2
Let u(q) = -q**3 - 26*q**2 - 48*q + 5. Calculate the remainder when 12 is divided by u(-24).
2
Let t = 4 - -7. Let f = t + 4. What is the remainder when 508/18 + 6/(-27) is divided by f?
13
Let a = 58 + -33. Calculate the remainder when a is divided by 4.
1
Suppose -2*i - i = 0. Suppose d + 7 + 5 = i. Let v = d - -18. What is the remainder when 11 is divided by v?
5
What is the remainder when 64 is divided by 4/(-4*(-3)/39)?
12
What is the remainder when (-2)/10 - (-1210)/50 is divided by 15?
9
Let j be 47/(-7) + (-4)/14. Let p = j - -21. Suppose -5*q + q = -20. What is the remainder when p is divided by q?
4
Let w(u) = u**3 + 7*u**2 - u - 7. Calculate the remainder when w(-6) is divided by 9.
8
Let o = 4 - 10. Calculate the remainder when 39 is divided by 15 - -3*2/o.
11
Suppose -2*r = -0*r - 10. Suppose s + 3*v - 14 = -0*v, 9 = -3*v. Calculate the remainder when s is divided by r.
3
Let a = -33 - -49. Calculate the remainder when 28 is divided by a.
12
Let f(r) = -r. Let c be f(-4). Suppose -9*d + c*d + 325 = 0. Calculate the remainder when d is divided by 17.
14
Let l(w) = w**2 + 11*w + 6. Suppose -3*s = 2*p + 19 + 10, -4*s - 43 = 3*p. What is the remainder when l(p) is divided by 11?
10
Let u(j) = 12*j**2 + j - 1. Calculate the remainder when 37 is divided by u(-1).
7
Let k(n) = -16*n - 2. Let y(l) = -l + 4. Let t be y(6). Let v be k(t). Suppose -p + v = p. What is the remainder when p is divided by 8?
7
What is the remainder when (-1 - -2) + 22*1 is divided by -3 + 87/27 + (-210)/(-27)?
7
Suppose -5*r - 5*s = 15, -r + 6*r = 2*s + 13. Suppose -8 - r = -3*d. Calculate the remainder when 7 is divided by d.
1
Let i(a) = -a**2 + 11*a - 8. Let o be i(10). Suppose 31 = -z + o*z. What is the remainder when z is divided by 2/7 - 225/(-21)?
9
Let k(w) = -35*w - 7. Let m be k(-8). What is the remainder when 25 is divided by (4/6)/(14/m)?
12
Suppose 4*r - 3 = 17. What is the remainder when 19 is divided by r?
4
Suppose 4*w - 29 = 3. What is the remainder when w is divided by 5?
3
Let c be 0 + -1 + 2 - 3. Let a = 78 + -101. Let m = c - a. Calculate the remainder when 81 is divided by m.
18
Let v(s) = -s + 23. Calculate the remainder when 20 is divided by v(11).
8
Let x = -150 - -157. Suppose -7*y + 3*y = -72. Calculate the remainder when y is divided by x.
4
Suppose -49 = -b + 2*x, 4*b = 5*b + 5*x - 21. Suppose 5*r - 4*u - 100 = -10, -3*u + 59 = 2*r. What is the remainder when b is divided by r?
19
Let y be 4*(-1 - 1)/(-2). Suppose y*i - 53 = 3*i. What is the remainder when i is divided by 28?
25
Let i(n) = n**3 + 4*n**2 - 2*n - 2. Let r = 2 + -1. Calculate the remainder when -2*23/(-2) + r is divided by i(-3).
11
Suppose 0*p - 58 = -p. Let m = -22 + p. Let l = 52 - m. Calculate the remainder when 31 is divided by l.
15
Suppose -5*g + 3*g = 0. Suppose -3*m = -f, -2*f + 4*m = -4 - g. Calculate the remainder when 8 is divided by f.
2
Suppose 5*z + 5*i = 2*i + 94, -4*z + 62 = -2*i. Calculate the remainder when 100 is divided by z.
15
Suppose -3*m + 4*m = 2. Calculate the remainder when 21 is divided by m - (1 - (6 - -1)).
5
Let f be ((-8)/(-10))/((-6)/(-15)). Calculate the remainder when (-11)/f*(-7 + -1) is divided by 15.
14
Suppose -4*c - 5*i = 6, 0 = -3*c - c - 4*i - 4. What is the remainder when 3/6*c*16 is divided by 3?
2
Let i(h) = 10*h**3 - 2*h**2 + 2*h - 1. Suppose -5*f - 4 = -34. What is the remainder when i(1) is divided by f?
3
Suppose 3*z - l + 21 = -30, -5*z = -4*l + 78. Let f = z - -28. Suppose 28 = 3*q - 53. What is the remainder when q is divided by f?
7
Suppose 3*n - 9*n = -54. Let h = 9 + -3. Suppose 3*r - 3*q - 81 = 0, q - 4 = -h. What is the remainder when r is divided by n?
7
Let d(t) = -4*t**2 + 2*t + 1. Let n be d(-1). Let v = n + 8. Let o = 12 - 6. Calculate the remainder when o is divided by v.
0
Let w = -1 - -7. Let x be (-2)/w*(-162)/6. Suppose 0 = v + 4*g + x + 1, 0 = -v + g + 10. What is the remainder when 11 is divided by v?
5
Suppose 4*t = 2*u + 3*u + 33, 2*t = -4*u - 16. Suppose 0 = t*d + 3*g - 12, -20 = -4*d - g + 14. Calculate the remainder when d is divided by 5.
4
Suppose 2*b - d - 2*d = 260, -3*d + 671 = 5*b. What is the remainder when b is divided by 15?
13
Let z be 5 + -1 + (1 - 3). Suppose -z*l = -l - 34. Calculate the remainder when l is divided by 19.
15
Suppose -f + 3*s - 2 - 10 = 0, 0 = -2*f - 5*s + 20. Suppose 3*t + 2*t - 20 = f.